114 divide 36517093?
False
Does 25 divide 3655000?
True
Does 9 divide 553263?
False
Is 13 a factor of 548043925?
True
Is 4300 a factor of 104488505?
False
Is 18 a factor of 8740940?
False
Is 32 a factor of 483982116?
False
Is 118 a factor of 4163092982?
True
Is 6 a factor of 101434148?
False
Is 54429686 a multiple of 47?
False
Is 19223236 a multiple of 90?
False
Is 40 a factor of 120645645?
False
Does 26 divide 38558895?
False
Does 133 divide 364944124?
False
Is 653 a factor of 14159952?
False
Does 121 divide 105996?
True
Is 11 a factor of 559853899?
True
Is 124405426 a multiple of 12?
False
Is 13 a factor of 22112857?
True
Does 267 divide 648405762?
True
Is 44469433 a multiple of 527?
False
Is 238819819 a multiple of 427?
True
Is 38738048 a multiple of 127?
True
Is 155 a factor of 26079990?
True
Is 683 a factor of 20265976?
True
Does 36 divide 1626012?
True
Is 751964230 a multiple of 492?
False
Does 6 divide 506416674?
True
Does 635 divide 5717046?
False
Is 860504447 a multiple of 4104?
False
Does 52 divide 62084007?
False
Is 1350136 a multiple of 2377?
True
Is 20 a factor of 29149165?
False
Is 260 a factor of 352339298?
False
Does 6 divide 962929955?
False
Is 1037954811 a multiple of 12?
False
Does 392 divide 11185328?
True
Is 442 a factor of 12031103?
False
Is 214845247 a multiple of 115?
False
Is 45037791 a multiple of 998?
False
Is 74917179 a multiple of 192?
False
Does 5069 divide 445174787?
True
Is 179646533 a multiple of 4213?
True
Does 19 divide 3428162225?
False
Is 11 a factor of 1129313812?
True
Does 80 divide 1159059520?
True
Does 14 divide 60466862?
False
Is 7 a factor of 12148787?
True
Is 2857 a factor of 216652024?
True
Does 96 divide 26936271?
False
Does 471 divide 24228240?
True
Does 473 divide 9888538?
True
Is 545 a factor of 13644242?
False
Does 196 divide 7879592?
True
Is 762682530 a multiple of 230?
True
Is 67530333 a multiple of 13?
True
Does 131 divide 1097506667?
False
Is 815594543 a multiple of 1184?
False
Is 1657 a factor of 860287888?
True
Is 254 a factor of 9887447?
False
Is 61425651 a multiple of 169?
False
Is 236624951 a multiple of 14?
False
Does 7 divide 152443837?
True
Is 28 a factor of 19279336?
False
Is 7 a factor of 4782002?
False
Is 2818530 a multiple of 110?
True
Is 3603302022 a multiple of 86?
False
Is 17659283 a multiple of 3583?
False
Is 847 a factor of 696660198?
False
Is 291 a factor of 30662670?
True
Does 10 divide 285327099?
False
Is 702 a factor of 205000146?
True
Is 862 a factor of 22754751?
False
Does 30 divide 2282379960?
True
Does 290 divide 271949498?
False
Is 285454017 a multiple of 128?
False
Does 23 divide 266147973?
True
Does 83 divide 48745343?
False
Does 1116 divide 231257520?
True
Is 1211579036 a multiple of 2511?
False
Is 506 a factor of 1827999047?
False
Does 4461 divide 145620423?
True
Does 143 divide 180469023?
False
Is 29769983 a multiple of 32?
False
Is 30720166 a multiple of 30?
False
Does 76 divide 822190724?
True
Is 21 a factor of 1889391?
True
Is 10 a factor of 28556615?
False
Is 4 a factor of 1921824?
True
Does 808 divide 38950879?
False
Is 55 a factor of 8288793?
False
Does 33 divide 164200047?
True
Is 225309870 a multiple of 1203?
True
Does 756 divide 30122212?
False
Is 196574854 a multiple of 14?
True
Is 816 a factor of 51417887?
False
Is 7 a factor of 201934509?
True
Does 507 divide 122601829?
False
Is 51739567 a multiple of 209?
False
Does 1002 divide 454886946?
False
Does 1523 divide 92149115?
True
Is 59 a factor of 188504882?
True
Does 492 divide 14017666?
False
Is 151754240 a multiple of 11?
True
Is 364925554 a multiple of 14?
True
Does 163 divide 199300915?
True
Is 63 a factor of 553204638?
True
Does 188 divide 37417828?
True
Is 112 a factor of 170138014?
False
Does 100 divide 1209666400?
True
Is 339944113 a multiple of 817?
False
Does 500 divide 92430500?
True
Is 103587375 a multiple of 1075?
False
Does 19 divide 377117073?
True
Is 1138536979 a multiple of 23?
False
Is 22931172 a multiple of 99?
True
Does 1237 divide 296894908?
False
Does 16 divide 871778069?
False
Is 12821744 a multiple of 26?
True
Is 486 a factor of 1142802756?
True
Is 481017457 a multiple of 939?
False
Is 385073392 a multiple of 7876?
True
Is 513281555 a multiple of 2814?
False
Is 5523616 a multiple of 16?
True
Is 6 a factor of 66426339?
False
Is 95 a factor of 3549010?
True
Is 812 a factor of 1225811117?
False
Does 19 divide 946759?
False
Is 27 a factor of 47332782?
True
Is 11660704 a multiple of 44?
True
Does 24 divide 145937540?
False
Is 78 a factor of 931910997?
False
Is 86847119 a multiple of 18?
False
Does 7 divide 637287?
True
Does 52 divide 127108137?
False
Is 60 a factor of 1260207180?
True
Does 5 divide 341855515?
True
Is 158547383 a multiple of 65?
False
Is 20232730 a multiple of 914?
False
Is 158755590 a multiple of 3?
True
Is 1195710425 a multiple of 455?
True
Is 1491454764 a multiple of 372?
True
Is 21 a factor of 15583109?
False
Is 2752685925 a multiple of 15?
True
Is 3305 a factor of 1137540239?
False
Does 1594 divide 69841110?
True
Is 54 a factor of 100396373?
False
Is 302571270 a multiple of 45?
True
Is 140 a factor of 524935348?
False
Is 1306094961 a multiple of 30?
False
Is 121 a factor of 4222779?
True
Is 821 a factor of 1408139646?
False
Is 8450090 a multiple of 22?
True
Is 663848367 a multiple of 320?
False
Is 261979709 a multiple of 2190?
False
Does 747 divide 163628109?
True
Is 834 a factor of 1023318?
True
Is 30 a factor of 1804899869?
False
Is 58 a factor of 51148460?
True
Is 62 a factor of 23272576?
False
Does 6191 divide 14291551?
False
Is 3628 a factor of 78303124?
True
Is 621 a factor of 14748495?
False
Does 49 divide 197534925?
True
Does 143 divide 157621035?
True
Does 19 divide 82856416?
True
Is 1399 a factor of 391261128?
True
Is 239 a factor of 1002605?
True
Is 297 a factor of 16632?
True
Is 3 a factor of 1839995?
False
Does 21 divide 148124235?
True
Is 7 a factor of 3218581450?
True
Is 12 a factor of 159006245?
False
Does 5111 divide 556552123?
True
Is 18 a factor of 968164143?
False
Is 71335330 a multiple of 271?
True
Does 78 divide 96790824?
True
Does 37 divide 970245709?
True
Does 688 divide 4888260640?
True
Does 38 divide 794404303?
False
Does 52 divide 3004378312?
True
Does 418 divide 34385516?
True
Is 38 a factor of 2313219?
False
Is 165 a factor of 53550816?
False
Is 13148398 a multiple of 101?
False
Is 37303682 a multiple of 11?
False
Is 624214075 a multiple of 425?
True
Is 19 a factor of 220017511?
True
Is 18382520 a multiple of 184?
True
Does 17 divide 407499333?
True
Is 61 a factor of 138535725?
False
Is 60 a factor of 13875259?
False
Is 125185 even?
False
Is 3278 a factor of 496262976?
True
Is 19 a factor of 86688775?
False
Is 568702107 a multiple of 2120?
False
Does 263 divide 892359?
True
Does 1077 divide 93551451?
True
Is 1033832317 a multiple of 66?
False
Is 22258352 a multiple of 577?
True
Is 13 a factor of 125010457?
True
Is 10 a factor of 318798225?
False
Is 50 a factor of 23189800?
True
Is 7 a factor of 95813977?
True
Is 586998048 a multiple of 3?
True
Is 128243016 a multiple of 112?
False
Is 148548172 a multiple of 27?
False
Is 4108 a factor of 140616840?
True
Is 15 a factor of 853306926?
False
Does 5 divide 50374316?
False
Is 547974632 a multiple of 1219?
True
Is 1823 a factor of 447516597?
False
Is 70833763 a multiple of 143?
True
Does 1962 divide 61736292?
True
Does 83 divide 503765761?
True
Is 453800756 even?
True
Does 7 divide 442531649?
True
Does 18 divide 827092502?
False
Does 40 divide 5769200?
True
Is 6 a factor of 30962340?
True
Does 1142 divide 80823829?
False
Is 3 a factor of 211621728?
True
Does 265 divide 741506570?
True
Is 41 a factor of 1916979471?
False
Is 61961854 a multiple of 206?
False
Is 8006804 a multiple of 62?
True
Is 201157998 a multiple of 26?
False
Does 413 divide 34262893?
True
Is 76767192 a multiple of 151?
True
Is 141217929 a multiple of 300?
False
Is 2071 a factor of 49913171?
True
Is 66 a factor of 112463869?
False
Does 778 divide 42865466?
True
Is 8 a factor of 1629138310?
False
Is 4 a factor of 1507750?
False
Is 105209250 a multiple of 33?
False
Is 32545644 a multiple of 46?
True
Does 383 divide 22767818?
True
Does 126 divide 12569733?
False
Does 701 divide 109239176?
False
Is 472624635 a multiple of 